of 958450766 and 52.
26
What is the highest common factor of 50786745 and 1730?
865
What is the highest common factor of 505294765 and 5?
5
Calculate the greatest common divisor of 190992 and 5657792.
2768
What is the greatest common divisor of 1806313 and 2?
1
Calculate the greatest common factor of 22712375 and 10794.
1799
What is the highest common factor of 22861641 and 12505?
2501
Calculate the greatest common factor of 4257 and 1124622.
387
Calculate the highest common factor of 42 and 38447871.
21
Calculate the highest common divisor of 6622298 and 36708.
874
What is the highest common factor of 19760 and 23855?
65
What is the greatest common factor of 69551631 and 3906?
279
Calculate the greatest common factor of 59487 and 185413.
79
Calculate the greatest common factor of 507 and 33469774.
169
Calculate the greatest common divisor of 123816237 and 1016.
127
Calculate the highest common factor of 85536 and 330.
66
Calculate the greatest common divisor of 322 and 8417172.
46
What is the greatest common divisor of 1966020 and 279620?
620
What is the greatest common factor of 21578654 and 2?
2
Calculate the greatest common factor of 1440 and 1223265.
15
What is the greatest common factor of 990241 and 461920?
2887
Calculate the highest common factor of 3000888 and 12.
12
What is the greatest common factor of 18573891 and 1189?
29
What is the highest common factor of 127090 and 616138?
142
Calculate the highest common divisor of 19279927 and 5776.
361
What is the highest common divisor of 2019 and 15732721?
673
Calculate the highest common divisor of 35375 and 38725.
25
Calculate the greatest common divisor of 315 and 9226245.
105
What is the greatest common factor of 2112 and 34364?
44
Calculate the greatest common divisor of 18 and 69283926.
18
What is the highest common divisor of 1325 and 2418050?
25
What is the highest common factor of 3625 and 5930?
5
What is the greatest common divisor of 116 and 8648612?
116
Calculate the greatest common divisor of 10486800 and 486.
54
What is the highest common divisor of 81 and 760467447?
81
Calculate the greatest common divisor of 194785 and 6928315.
815
What is the highest common divisor of 455 and 246680?
35
Calculate the greatest common factor of 1398840 and 5.
5
What is the highest common divisor of 3 and 2444545?
1
What is the greatest common divisor of 2443285 and 195?
65
Calculate the highest common divisor of 680 and 1781515.
85
What is the greatest common factor of 10 and 153003355?
5
Calculate the greatest common factor of 52962 and 2053506.
546
Calculate the greatest common divisor of 8 and 12072470.
2
Calculate the highest common factor of 40091 and 326086.
47
What is the greatest common factor of 8 and 137438152?
8
Calculate the highest common divisor of 54568 and 1156112.
152
What is the greatest common factor of 240 and 15915104?
16
What is the greatest common factor of 6410756 and 25408?
1588
What is the highest common divisor of 19789 and 1111?
11
Calculate the highest common factor of 375270 and 3990.
210
Calculate the greatest common divisor of 58581 and 319194.
207
Calculate the greatest common factor of 803 and 1870165319.
803
Calculate the greatest common divisor of 1233610 and 7630.
70
Calculate the highest common divisor of 997290 and 23910.
30
What is the highest common factor of 983632 and 1132144?
208
Calculate the highest common divisor of 6 and 22384434.
6
Calculate the highest common factor of 156883356 and 756.
252
What is the greatest common factor of 285935 and 360347?
689
Calculate the greatest common divisor of 2736 and 9299952.
144
What is the greatest common divisor of 59 and 19714?
1
Calculate the highest common factor of 45780 and 271083.
327
Calculate the greatest common factor of 2580 and 4996.
4
What is the highest common divisor of 25772114 and 32166?
3574
What is the highest common factor of 42370844 and 4880?
244
What is the highest common divisor of 26600 and 326711175?
3325
Calculate the highest common divisor of 11412092 and 248.
124
Calculate the greatest common divisor of 69 and 26388797.
23
Calculate the greatest common factor of 16108240 and 8130.
2710
What is the greatest common factor of 80 and 45864430?
10
What is the greatest common factor of 72819 and 61371?
27
What is the greatest common divisor of 192439002 and 1239?
1239
Calculate the greatest common divisor of 123 and 15663353.
41
What is the highest common divisor of 27157156 and 494?
494
Calculate the greatest common factor of 1157462 and 5066.
34
Calculate the highest common divisor of 73256 and 4064.
8
What is the greatest common factor of 2293109 and 1416116?
1469
What is the greatest common divisor of 1256090 and 4598?
418
What is the highest common factor of 60622 and 126175778?
3566
Calculate the highest common divisor of 37203535 and 920.
115
What is the greatest common divisor of 19532 and 228076?
76
Calculate the highest common divisor of 1816822973 and 2051.
2051
Calculate the highest common factor of 504 and 26618382.
126
What is the highest common factor of 940766 and 2715452?
2606
Calculate the greatest common factor of 51009 and 8717681.
2429
What is the greatest common divisor of 168 and 148051792?
56
What is the highest common divisor of 5772 and 244257?
39
Calculate the highest common divisor of 1270080 and 14070.
210
What is the greatest common factor of 31339 and 262367?
259
Calculate the highest common divisor of 8040 and 130950160.
2680
What is the highest common divisor of 13260680 and 5321?
17
Calculate the highest common factor of 3190698 and 3312.
414
Calculate the greatest common divisor of 66131876 and 23786.
3398
What is the greatest common factor of 14857975 and 8912?
557
Calculate the greatest common factor of 32 and 1675976.
8
What is the greatest common divisor of 1760 and 2094752?
352
Calculate the highest common factor of 1148 and 43439620.
28
What is the highest common factor of 1589104178 and 7444?
3722
Calculate the greatest common factor of 882443 and 328.
41
Calculate the greatest common divisor of 1476943511 and 67.
67
What is the greatest common factor of 882 and 16790634?
882
What is the greatest common divisor of 41486037 and 174?
87
What is the highest common divisor of 129 and 11352813?
3
Calculate the greatest common divisor of 4551390 and 1944.
486
What is the highest common divisor of 9342692 and 23?
23
Calculate the highest common divisor of 166216 and 236700.
1052
Calculate the greatest common factor of 285898 and 4.
2
Calculate the greatest common factor of 12077198 and 266.
266
Calculate the highest common divisor of 3802587 and 12.
3
Calculate the greatest common factor of 118915676 and 53.
53
Calculate the greatest common divisor of 2023 and 726614.
119
Calculate the highest common factor of 140 and 1994636.
28
Calculate the greatest common divisor of 198804985 and 345.
115
What is the greatest common divisor of 2872 and 95696?
8
Calculate the highest common factor of 10082772 and 108.
108
Calculate the highest common factor of 27945 and 3483.
81
What is the highest common factor of 212360760 and 2235?
2235
Calculate the highest common divisor of 122571681 and 909.
303
Calculate the greatest common factor of 2240 and 51730000.
560
Calculate the greatest common factor of 8184 and 37711624.
248
Calculate the greatest common divisor of 56043 and 313025063.
6227
What is the highest common divisor of 16 and 22766804?
4
What is the greatest common divisor of 73834960 and 560?
80
What is the highest common factor of 11534516 and 4?
4
What is the highest common divisor of 149275032 and 48?
24
What is the greatest common factor of 144037744 and 6252?
2084
What is the greatest common factor of 4089388 and 18944?
148
What is the greatest common factor of 5374 and 52356?
2
What is the highest common factor of 14547279 and 12132?
1011
Calculate the highest common divisor of 24387 and 205524.
33
Calculate the greatest common factor of 1510 and 19510559.
151
What is the greatest common divisor of 6774657 and 10227?
1461
Calculate the highest common divisor of 22321 and 5304520.
1313
What is the highest common divisor of 11722 and 8653?
1
What is the greatest common divisor of 434280275 and 41375?
8275
Calculate the highest common factor of 